r(p).
4
Let x(w) be the third derivative of -w**5/30 - 5*w**4/24 - w**3/2 + 179*w**2. Determine x(-2).
-1
Let x(r) be the second derivative of r**4/24 - 2*r**2 + 6*r. Let s(w) be the first derivative of x(w). What is s(-3)?
-3
Let u(h) be the third derivative of -h**6/120 + h**5/12 - h**4/8 + 2*h**3/3 + h**2. Suppose 0 = -5*g + 3*g + 8. What is u(g)?
8
Let v be 3 + 0 + (36 - -1). Let s = -38 + v. Let a(z) = -3 - 1 - z**3 - 1 - 2 - z - z**s. Calculate a(0).
-7
Let d = -25 - -17. Let w be (1/(-2))/(2/d). Let f(n) = -2*n**w - 3 - n**3 - n + 2*n + n. Determine f(-3).
0
Let k(z) = -7*z**3 + 10*z**2 + 1. Let l(w) = -19*w**3 + 29*w**2 - w + 3. Let f(y) = -11*k(y) + 4*l(y). Give f(-6).
25
Let n(a) be the second derivative of -2*a**3/3 + a**2/2 - 2*a - 277. Give n(8).
-31
Let u(f) = f**3 + 7*f**2 - 10*f - 10. Let q(h) be the first derivative of -8*h**3/3 - 2*h**2 - 4*h + 50. Let p be q(-1). Determine u(p).
6
Suppose -2*x + 12 = x. Let f(y) = 2*y + 2. Let s(q) = -5*q - 5. Let i(t) = 10*t + 10. Let a(g) = -6*i(g) - 11*s(g). Let l(h) = 3*a(h) + 7*f(h). Give l(x).
-5
Let m be ((-150)/9)/((-8)/12). Suppose -m = -5*h - 0*h. Suppose 2 = -h*r - 13. Let n(z) = z**2. Calculate n(r).
9
Suppose b + 0 + 2 = -i, -2*i + 17 = -b. Let o(a) = -2*a - 6. Give o(b).
8
Let x(u) be the first derivative of 7 - 1/2*u**2 - 9*u. Let i be x(-4). Let w(m) = -2*m**2 - 7*m + 1. Give w(i).
-14
Let y(i) be the second derivative of i**4/12 + 2*i**3/3 + 3*i**2/2 + 7*i + 11. Determine y(-5).
8
Let x(k) = -9*k + 5 + 6 + 1 - 17. Calculate x(4).
-41
Let o(t) = t**3 + 7*t**2 - t + 1. Suppose -10*c + 95 = -5*c. Suppose 2*k + 12 = -2*p, 0 = 2*k + k + 2*p + c. Calculate o(k).
8
Let d(l) = -l**3 - 5*l**2 - 12*l - 36. Let m be d(-4). Let n(a) = -a**3 - 5*a**2 + 3. Determine n(m).
-13
Let h(s) = -2*s**2 + 3*s - 2. Suppose 24*t + 84 = -4*t. What is h(t)?
-29
Let r(i) = -i**3 + 6*i**2 + 6*i + 5. Let g(h) = 2*h + 9. Let v be g(-7). Let u = v + 4. Let k be (1 - u*6)/1. Give r(k).
-2
Let h(i) = -30*i. Suppose 794*l = 793*l - 1. Determine h(l).
30
Let o(n) be the second derivative of -n**4/12 - 3*n**3/2 + n**2/2 - 2*n - 7. What is o(-4)?
21
Suppose -f - 3 = 3*g - 17, -2*f = 5*g - 24. Let p(d) = 0 - f + d - 4. Suppose -38*z + 931 = 95*z. Give p(z).
1
Let o(r) = 0*r + 75 + 2*r - 4*r - 72. Calculate o(6).
-9
Let m(r) = r**3 + r**2 + 1. Suppose 0 = -3*d + 5*d - 50. Let s = 24 - d. Let i(f) = -7*f**2 + 5*f - 1. Let h(w) = s*i(w) - m(w). What is h(5)?
0
Let q(n) = 5*n**2 - 15*n + 2. Let c(k) = -4 - 7*k + 14*k - 2*k**2 + 3. Let z(b) = -9*c(b) - 4*q(b). Calculate z(-4).
-19
Let l(h) = h. Let n be l(2). Let z(d) = -7*d**n + d**3 - 13*d**2 + d + 27*d**2 - 8*d**2 + 14. Calculate z(0).
14
Let g = 29 - 25. Suppose a + g = 2*d, -5*a - 3 = -2*d + 25. Let i(h) be the third derivative of h**4/12 + h**3 + h**2. Determine i(a).
-6
Let q(z) = 2*z**2 - 8*z - 8. Let o = 44 - 42. Let k(l) = l**2 - 7*l - 7. Let u(n) = o*q(n) - 3*k(n). Let i = 5 - 10. Give u(i).
5
Let f be -47*1/9 - (-30)/135. Let b(u) = u**3 + 5*u**2 - 2*u - 4. Calculate b(f).
6
Let z(m) be the first derivative of -1/2*m**4 - m - 7 - 1/2*m**2 + 0*m**3. Determine z(-1).
2
Let f(u) be the first derivative of 3*u**2/2 - 14*u - 15. Let t be f(5). Let l(v) = -12*v**2 + v + 6. Let g(d) = d**2 - 1. Let z(w) = -6*g(w) - l(w). Give z(t).
5
Let c(q) = 2*q + 40. Let y be c(-24). Let b(p) = -2*p - 18. Determine b(y).
-2
Let m(z) = -4*z**2 - 2*z - 3*z - z - 5 - z**2 + z**3. Calculate m(6).
-5
Let k(g) = -g**2 + 7*g + 8. Suppose -24 = -15*v + 12*v. Give k(v).
0
Let b(z) be the second derivative of z**6/360 + z**5/24 + z**4/12 - 5*z**3/3 + 9*z. Let l(u) be the second derivative of b(u). What is l(-3)?
-4
Let n(k) = -k**2 - k + 1. Suppose -155*s = -158*s - 9. Calculate n(s).
-5
Suppose -3*w - 4 = o, 2*o - 2*w = -1 + 9. Let r(k) = 1 - 4*k**3 + 3*k**3 + 33*k**o - 30*k**2. Let g(a) = -a + 1. Let v be g(-1). Calculate r(v).
5
Suppose -10*x = -17*x - 28. Let m(d) = 2*d - 4. Calculate m(x).
-12
Let b(o) = -2*o - 3. Suppose -8 = -24*k + 26*k. What is b(k)?
5
Let k be (-8)/12 + 100/15. Suppose 4*s - k = 5*z, 5*s - 22 = -4*z + 3*z. Let r(w) = 2*w**2 - 5*w**z + 4*w**2 - 1. Determine r(1).
0
Let u(l) = 2*l**3 + l**2 - l + 1. Let x(z) = -5*z**3 + 3*z**2 + 3*z. Let y(j) = u(j) + x(j). What is y(2)?
-3
Let l = 274 + -279. Let q(g) = -2*g - 3. What is q(l)?
7
Let h(c) = -2*c**2 + c - 2. Let t be (-24)/6*2/(-4). Suppose -40 = 8*g - 18*g. Suppose t*z - 4*z = g. Calculate h(z).
-12
Let t(f) be the second derivative of f**3/6 + 6*f**2 + 409*f. Give t(-10).
2
Let d(y) = -5*y**3 + 3*y**2 - 2*y - 1. Let b = 1896 + -1895. Calculate d(b).
-5
Let q = 335 + -328. Let k(i) = i**3 - 7*i**2 + 7. Give k(q).
7
Let h(o) = -o**2 - 16*o + 15. Suppose -17*i + 445 - 734 = 0. What is h(i)?
-2
Let p(u) = -6*u**2 + 6. Let v(s) = 18*s**2 - 17. Let w(y) = 17*p(y) + 6*v(y). Let k be (-9)/18*(1 + -1). Let f = k - 1. Determine w(f).
6
Let n(r) = -2*r**3 + 29*r**2 - 103*r - 3. Let j be n(7). Let m(i) = -i**3 + 10*i**2 + 14*i + 7. Determine m(j).
40
Let m(n) = -56*n**2 + 280*n + 70. Let d(t) = t**2 - 4*t - 1. Let a(b) = -140*d(b) - 2*m(b). Determine a(1).
-28
Let j(h) = 10*h**2 + 7*h. Let t(z) = -11*z**2 - 8*z. Let n(y) = -7*j(y) - 6*t(y). Let l be (-27)/(-6) + (-50)/20. Suppose 0 = -u + l*u + 1. Calculate n(u).
-3
Let q(x) = -6*x**2 - 2*x - 1. Suppose 0 = 9*f - 7*f - 8. Suppose 5*g - f*g = -5. Let h = 4 + g. Give q(h).
-5
Let h(q) = q**2 - 4. Let z = -89 - -92. Suppose 13*u + u = z*u. Give h(u).
-4
Let g = -122 - -126. Let u be 4/16 + (-25)/g*1. Let c(h) = -h**3 - 6*h**2 - 2*h - 8. Calculate c(u).
4
Let u(c) = 13*c**3 - 36*c**2 - 52*c + 47. Let z(b) = 3*b**3 - 9*b**2 - 13*b + 12. Let h(d) = -2*u(d) + 9*z(d). What is h(10)?
-16
Suppose 2 = v - 0*v. Let h(s) = 4*s + 11. Let l be -1 - -8 - (21 + -21). Let p(b) = 2*b + 6. Let d(c) = l*p(c) - 4*h(c). What is d(v)?
-6
Let w = 92 + -95. Let p(k) = -k - 10. Calculate p(w).
-7
Let t(l) = 15*l + 13. Let x(n) = 31*n + 28. Let o(v) = -13*t(v) + 6*x(v). Calculate o(-1).
8
Let z(t) be the second derivative of 0*t**3 - 5/2*t**2 + 1/2*t**4 - 1/20*t**5 + 0 + 9*t. What is z(6)?
-5
Let d be 6*4/60*5. Let x be (0 - 1)/(1/d). Let f(r) = r**2 - r - 1. Calculate f(x).
5
Let n(q) be the second derivative of -q**4/12 - q**3/2 + 2*q**2 - 4*q. Let o(x) = x**2 - 9*x - 13. Suppose 2 = -2*r + 22. Let p be o(r). Determine n(p).
4
Let m(o) be the first derivative of 0*o**4 - 2 + 0*o - 1/60*o**5 - 5/2*o**2 + 3/2*o**3. Let r(d) be the second derivative of m(d). What is r(0)?
9
Suppose -20 = 2*o + 3*o. Let k(i) = -6*i + 7. Let l(s) = 3*s - 3. Let n(u) = u**3 + 13. Let x be n(0). Let r(t) = x*l(t) + 6*k(t). Give r(o).
-9
Suppose -4*f + 5*d = -28, 0*d - 2*d - 12 = -2*f. Let y = -3 - -3. Let h(u) = -u + 1 + 3*u - f + y. Give h(-2).
-5
Let g(d) = 9 - 4 + 2*d - 13. Determine g(4).
0
Let m = -22 + -14. Let n = m - -33. Let v(k) be the second derivative of -k**4/6 - 5*k**3/6 - k**2 - k. Give v(n).
-5
Let c(j) = 2*j**2 - 13*j + 8. Let m be c(6). Let a(w) = -w - 2. What is a(m)?
-4
Let h(r) = r**2 - 4*r + 5. Let d = -46 + 48. Let p be h(d). Let b(s) = 3*s - 5*s - 2 + 1. What is b(p)?
-3
Let t(f) = -20*f**3 + 32*f**2 + 8*f. Let i(n) = -7*n**3 + 11*n**2 + 3*n. Let u(z) = 17*i(z) - 6*t(z). Let d = 8 + -4. Determine u(d).
-4
Suppose 7*c - 8*c - 21 = 0. Let k = -19 - c. Let o(u) = 4*u**2 - u - 2. What is o(k)?
12
Let j(n) = -n**3 - n**2 + 6. Let v be j(0). Let y = -4 + v. Let x(u) = 5 + 3*u**y - 4 - u**2. Calculate x(-1).
3
Let k = -80 - -86. Let b(u) = -u**2 + 10*u - 17. Let o be b(k). Let w(c) = -c**3 + 7*c**2 - 5. What is w(o)?
-5
Let w(n) = -n**2 + 12*n - 16. Let j(h) = h**2 - 3*h - 8. Let g be j(6). Let l be w(g). Let k(r) = -4*r + 6. What is k(l)?
-10
Let l(z) = 17*z**2 + 10*z + 29. Let n(r) = -5*r**2 - 4*r - 9. Let j(u) = 2*l(u) + 7*n(u). Determine j(-5).
10
Let f be 2/(-10) - (-5 + 88/110). Let h(p) = 0*p**2 - 4*p + 3 + p**2 - 4. Determine h(f).
-1
Let i(a) = -a**3 - 5*a**2 - 1. Let y be 6/2*(-10)/(-6). Let j be (-3)/6*(5 + y). Give i(j).
-1
Let v(b) = 6*b - 6. Let p(m) = -m**2 + 9*m + 15. Let s be p(11). Let x(r) = -r**3 - 5*r + 5. Let u(o) = s*x(o) - 6*v(o). What is u(1)?
7
Let v(y) = 3*y**2 - 4*y + 6. Let k(d) = -d**3 - 12*d**2 - 33*d - 4. Let j be k(-8). Determine v(j).
38
Let b(q) = q**3 - 16*q**2 - 